 18. What is the greatest common factor of 6 and h?
6
Suppose 0 = n + w - 9, -4*n + w = 2*w - 33. Calculate the greatest common factor of 44 and n.
4
Let x(n) = 0*n**2 + 1 - n**2 + 22*n + 3 - 3. Let a be x(21). Calculate the highest common factor of a and 55.
11
Let d be 3*(-4 + 5 + -2). Let j be (-10)/(-15) - 58/d. Suppose 2*n = 19 + 1. What is the greatest common divisor of j and n?
10
Let z(k) = k**2 + 5*k - 5. Let l be z(-6). Suppose 0 = 2*i - 5 + l. Suppose 67*u - 235 = 167. Calculate the greatest common factor of u and i.
2
Let k = 757 + -469. What is the highest common factor of k and 180?
36
Suppose -3*m = -5*i + 19, m + 7 = -3*m + 3*i. Suppose 59 - 201 = -2*f + m*k, -5*f - 4*k = -346. What is the highest common divisor of f and 28?
14
Let r = -31 + 70. What is the highest common divisor of r and 39?
39
Let q(v) = -19*v + 1. Let h be q(-1). Let c be ((-63)/15 - -3)/((-3)/h). Let o be (-10)/((4/2)/(-4)). Calculate the highest common divisor of o and c.
4
Suppose -2*r = -0*r, -z + r = 0. Let f be 1/3 + 15/9. Suppose -2*y = z, -f*x + 2 = y - 12. Calculate the greatest common divisor of 7 and x.
7
Suppose 0 = u + 2*b - 138 - 42, -3*b + 182 = u. Suppose -9 = -p - 11, -p = l - 9. What is the greatest common divisor of l and u?
11
Suppose q - 2*d + d = 110, 2*q - 234 = -5*d. Let u(h) = -2*h + 16. Let b be u(-6). What is the greatest common divisor of b and q?
28
Let n = -2368 + 2486. What is the greatest common divisor of n and 1003?
59
Let u be ((-38)/7)/((-5)/35). Suppose 4 = 2*s - u. What is the highest common divisor of s and 21?
21
Let s = -309 - -507. Let u = -18 + 40. What is the greatest common factor of s and u?
22
Let z(q) = -q**2 - 8*q - 1. Let k be z(-6). Suppose 9*u - 71 = 1. Let h be u/(-24) + 100/3. Calculate the greatest common factor of h and k.
11
Let n be (0 + 1)*18/3. Let j be 7/28 + (-6)/(-8). Let p(s) = 15*s**2 + 2*s - 2. Let x be p(j). Calculate the greatest common divisor of n and x.
3
Suppose -a = -2*w - 12, 2*a - 3 = -4*w + 5. Suppose -27*v + 34*v + 119 = 0. Let l = a - v. What is the highest common factor of 10 and l?
5
Let l(a) = -8*a - a**3 - 3*a**2 + 2*a + 0 + 5 - 4*a**2. Let f be l(-5). Let i = 35 + f. Calculate the greatest common factor of 60 and i.
20
Let k be 12/(-48) - 1448/(-32). What is the highest common factor of 315 and k?
45
Suppose 11*v - 1365 = -10*v. What is the highest common factor of 10 and v?
5
Let x be 64/(-6) - (-2)/3. Let n = 22 + x. Let y be (-21 + 0)/((-1)/4). Calculate the highest common factor of y and n.
12
Let t = 2157 + -1499. What is the highest common factor of 282 and t?
94
Let p = 3 - -5. Let k = 2 - 2. Let m = 1 - k. Calculate the highest common factor of p and m.
1
Suppose 10*h - 16*h = -18. Calculate the highest common factor of 21 and h.
3
Suppose 52185 = -3*c + 74*c. Calculate the greatest common divisor of 30 and c.
15
Let s(d) = -2*d - 18. Suppose -7*r - 36 = 90. Let p be s(r). What is the greatest common divisor of 54 and p?
18
Let z be (13/4)/((-6)/(-72)). Let c be (-186)/(-15) + (-123)/(-205). Calculate the highest common divisor of c and z.
13
Let n be (-74 - 0)*(8/(-16) + 0). Let j be ((-10)/(-6))/(-5) + n/3. What is the greatest common factor of j and 30?
6
Suppose 35*f - 21*f = 728. What is the highest common divisor of f and 325?
13
Suppose 0 = -2*z + 489 - 135. Calculate the greatest common factor of z and 118.
59
Let g = -10 - -12. Suppose 5*y - 1090 = -5*c, c - g*c + 202 = 5*y. Let l = -159 + c. What is the highest common factor of 9 and l?
9
Let v = -5 - -16. Suppose 7*l = 67 + 10. What is the greatest common divisor of v and l?
11
Let x = 480 - 470. What is the highest common factor of 2330 and x?
10
Let w(z) = 5*z**3 + z**2 - z. Let r be w(1). Suppose -r*t + 4*x = -13, 4*t + 8*x - 3*x = -6. What is the highest common divisor of t and 5?
1
Suppose 4*n + 798 = 142. Let i be n/(-10) - 38/95. What is the highest common divisor of i and 64?
16
Let w = -81 + 177. Suppose 2*m - 20 = 2*r, -2*m - r = -0*r - 14. Let k be 6*m/(-6)*-2. Calculate the greatest common factor of w and k.
16
Suppose 4*y - 16 = -0, 8 = t + 2*y. Suppose -p + 12 = -q, t = 3*p - 4*q - 44 + 9. Let w = p - 12. Calculate the highest common divisor of w and 8.
1
Let d = 13 - -29. Let y(z) = 2*z**2 + 27*z - 395. Let r be y(13). What is the greatest common divisor of d and r?
42
Let b = 25 - 18. Let c = -47 - -68. Calculate the greatest common factor of c and b.
7
Let z be 64/(4 - 2) - 112/14. What is the highest common factor of 1752 and z?
24
Let y be (14/(-10) + -1)/(54/(-1440)). Let d = -3 + 2. Let k be ((-8)/10)/(d/20). Calculate the greatest common divisor of y and k.
16
Let g = -1687 - -1700. What is the greatest common factor of g and 5?
1
Let y = -543 - -901. Suppose -192 = -5*p + y. Calculate the highest common factor of 11 and p.
11
Let f = 875 - 839. Calculate the greatest common factor of f and 774.
18
Let h(r) = -8*r**2 - 1. Let p be h(-1). Let d(j) = -j + 19. Let g be d(0). Let l = g + p. What is the highest common factor of 90 and l?
10
Let z = 208 + 112. Let s be (z/(-1))/((-11)/11). Calculate the highest common factor of s and 32.
32
Let i = 196 - 337. Let r = 201 + i. Suppose g - r = -g. What is the highest common divisor of g and 6?
6
Let u be ((-21465)/6)/5*-2. Calculate the greatest common factor of u and 9.
9
Suppose -53 + 203 = 5*m. Suppose 5*a + 2*h - 259 = 0, a - 31 = -5*h + m. Calculate the greatest common factor of a and 17.
17
Let p = 590 + -183. What is the highest common factor of p and 11?
11
Let y = -12 - -18. Let p be 10/(y - 1) + 50. Let k = 4 + 9. What is the highest common divisor of k and p?
13
Let l be (-6)/1 + 16 + 27/(-3). Suppose -2*j - 8 = -4*j. What is the greatest common factor of j and l?
1
Suppose -3*p + 32 + 7 = 0. Let i = 23285 + -23284. Calculate the greatest common divisor of i and p.
1
Let s(i) = -i**3 + 9*i**2 + 2*i - 12. Let p be s(8). Suppose l - p = 3*f, 0*f + 4*l - 30 = f. Let a = -4 - f. Calculate the highest common factor of a and 12.
6
Suppose 2*o - 2*z - 34 = 0, 5*o - z - 59 = 18. Suppose -o = -3*x + 9. Calculate the greatest common divisor of 12 and x.
4
Let y(h) = h**2 - 2*h + 2. Let g be y(0). What is the greatest common divisor of g and 142?
2
Let d(t) = -t**3 + 2*t + 3. Let v be d(3). Let i be (v/(-4))/((-3)/(-12)). Suppose p + 3*p - 576 = 0. What is the greatest common factor of p and i?
18
Let c(i) = -2*i**2 + 93*i + 53. Let n be c(41). What is the greatest common divisor of n and 98?
14
Let m(v) = -2*v**2 + 6*v - 3. Let b be m(8). Let f = 213 + b. Calculate the highest common factor of f and 13.
13
Suppose 3*c - 5*r = 20, -4*c - 2*r = r + 12. Suppose 2*s + 3*u + 55 = 6*s, c = -3*s - 2*u + 20. What is the greatest common factor of 50 and s?
10
Let r(o) = -12*o - 18. Let v be r(-9). What is the greatest common divisor of 20 and v?
10
Let d be (3/2)/(1/12). Let j = -9 + d. Suppose -4*y = -129 + j. What is the highest common factor of 3 and y?
3
Let h(p) = -p**3 - 8*p**2 + 7*p + 92. Let y be h(-8). What is the greatest common divisor of y and 76?
4
Let w(z) = -z**2 - 2 - 1 - 7*z + 18 - 2. Let a be w(-5). Calculate the highest common factor of a and 23.
23
Suppose 72 - 27 = -5*r. Let a be 24/(-9)*r/(-6). Let f be (-804)/(-15) - a/10. Calculate the greatest common divisor of f and 36.
18
Suppose 0 = 3*c - 65 + 5. Suppose -9 - 15 = -4*i. Let t = 11 - i. What is the highest common divisor of t and c?
5
Suppose 6*h - 30 = h. Let q(k) = k**3 - 3*k**2 - k + 6. Let c be q(h). What is the greatest common divisor of 12 and c?
12
Let h(t) = -t**2 - 2*t + 2. Let k be h(-4). Let d = k - -8. Suppose -2*g + 2 = -d, -q - 2*g = -15. What is the greatest common factor of 88 and q?
11
Let x be (-16610)/(-143) + (37/13 - 3). What is the highest common divisor of x and 4?
4
Let i = -436 - -1804. What is the highest common divisor of i and 72?
72
Suppose -17*a + 22*a - 455 = l, 0 = -4*a + 5*l + 385. What is the highest common divisor of a and 423?
9
Let h be (1 - 1)/((-2)/2). Suppose h = -g + 4*g - 2*w - 72, 3*w = -4*g + 79. Let k be 1/2 + (-966)/(-4). What is the greatest common factor of k and g?
22
Let q be 1/((-2 - -3) + 3/(-4)). Let b be 15*((-8)/5)/(-4). Calculate the greatest common factor of b and q.
2
Suppose -7*k + 296 = -5*k. Suppose 3*g - 32 = 